 = 4*a - 9108, 301 = 4*a - 4*n - 8823. Is a a prime number?
False
Let g = -73 + 119. Suppose 4*a = 5 + 3. Suppose h - 3*h = 4*r - g, -4*h - a*r = -98. Is h prime?
False
Let p(k) = k**2 - 3*k - 4. Let x be p(4). Let h be x + (-19)/(-2)*-26. Is (-4)/10 - h/5 a composite number?
True
Let r(v) = v**3 - 4*v**2 - 10*v + 2. Let z(l) = l**2 + 2*l - 1. Let i be z(2). Is r(i) a composite number?
False
Let n(q) = 45*q**2 + q - 1. Let i be n(1). Let o be (16/24)/(4/18). Suppose -3*w = j - o*j + i, 0 = -4*j + 3*w + 87. Is j prime?
False
Let f be -1*1 - 70/(-14). Suppose -211 = -l - 0*r + 4*r, f*l - r - 814 = 0. Is l prime?
False
Let b = -13 + -7. Let r = b - -43. Let m = r + 188. Is m prime?
True
Let j(p) = 19*p**2 - 25*p - 21. Is j(-10) prime?
True
Let d(b) = 34*b - 2. Let r be d(3). Let h be 2/(-10) - (-1256)/(-20). Let i = h + r. Is i a composite number?
False
Let m be 208/6*108/16. Suppose 2*x = -4*q + m, 3*x = -q + 225 + 131. Is x a prime number?
False
Let v(f) = 25*f**2 - f. Let k be v(-2). Suppose 0*s = 2*s - k. Suppose 4*l = 3*l + s. Is l a prime number?
False
Suppose 0 = -3*r + 2*r + 136. Suppose 2*i = 30 + r. Is i a prime number?
True
Suppose 2*h = -5*p + 12909, 2*p - 7739 = -p + 2*h. Is p a composite number?
True
Let v = -34 + 92. Is v composite?
True
Suppose 0*b - b - 47067 = -5*t, -b = 4*t - 37650. Is t a composite number?
False
Suppose 639 + 896 = c. Is c a composite number?
True
Suppose -5*z - 3*w - 51 = 0, -2*z + 0*z + w = 16. Is (-2105)/(-45) - 2/z composite?
False
Suppose -5*s + 30 = 2*k - 0*k, -5*s - 3*k + 35 = 0. Suppose -5*v - q = -419, -3*v + 233 = -0*v - s*q. Is v prime?
True
Let g(i) = 8*i**2 + 7*i - 2. Let k(c) = -c + 5. Let b(a) = -a**3 - 5*a**2 + 5*a - 6. Let u be b(-6). Let t be k(u). Is g(t) composite?
False
Is 20992/48 + 2/(-6) prime?
False
Let l = -5365 - -7602. Is l a prime number?
True
Let g(r) = 55*r - 8. Is g(18) a composite number?
True
Let w = 6 - 2. Suppose h - w*s + 82 = 4*h, 4*s = 5*h - 94. Is h prime?
False
Is -1*(3 + 682)*(-2 - -1) prime?
False
Let q(k) = -210*k**3 - 2*k**2 + k - 2. Let v(p) = -630*p**3 - 7*p**2 + 4*p - 7. Let j(t) = 7*q(t) - 2*v(t). Is j(-1) prime?
True
Let f be ((-6)/8)/((-2)/120). Suppose 0 = 3*s + 2*c - 57, c + f = s + s. Is s - (1 + 3/3) composite?
False
Suppose -3*r - 4986 = -3*x - 0*r, 5*r = -3*x + 4946. Is x a composite number?
False
Let v = -80 - -158. Suppose -3*o = -j - v, 7*o - 3*o - 117 = -3*j. Is (-6)/o + 317/9 composite?
True
Let a(p) be the third derivative of 17*p**7/5040 - p**6/240 - p**5/60 - 3*p**2. Let d(c) be the third derivative of a(c). Is d(2) composite?
False
Suppose 0 = p - 2 - 3. Suppose -5*s + s - p*b = -413, s + b = 102. Is s prime?
True
Let w(m) = -9*m**3 - 5*m**2 - 2*m + 7. Is w(-3) a composite number?
False
Let s(a) = 2*a**2 - a - 3. Let r be s(-5). Let n = -16 + r. Suppose 4*b + c = n, 0*b = -b - 4*c + 9. Is b a prime number?
False
Let y(z) = -z**2 - 14*z + 16. Is y(-11) composite?
True
Suppose 3*l + 7 = -4*j, -2*j + j = 2*l - 2. Is l a prime number?
True
Is ((-9)/6)/((-6)/460) a composite number?
True
Suppose 4*b + b + 646 = l, 25 = 5*b. Is l composite?
True
Suppose -53 = -2*v + 455. Is v prime?
False
Let d be 16/3 + (-1)/3. Suppose 2*k - 555 = -5*x - 0*k, k = 0. Suppose x - 16 = d*m. Is m composite?
False
Suppose 0 = 5*o - 68 - 182. Suppose 2*q - 5*i = 135, q + 5*i - 10 - o = 0. Is q prime?
False
Let c(t) = 3*t + 38. Is c(17) composite?
False
Let x = -2717 - -3972. Is x prime?
False
Suppose 5*s = 5*o + 25, 2*s - 2*o = 3*o + 19. Let v be s/4 + 88/16. Is 461/v + (-5)/(-30) a prime number?
False
Let b = 9 + 13. Let y = b - 12. Is y a composite number?
True
Is (1 - -246) + 4 - 0 a composite number?
False
Suppose 17*j - 9215 = 12*j. Is j a composite number?
True
Suppose 0*z - 3 = -z. Suppose 2*y = 5*f - 29, -z*f + 2*f - 5*y = 5. Suppose f*p + 48 - 123 = 0. Is p a prime number?
False
Let m(o) be the third derivative of 2*o**5 - o**3/6 - o**2. Is m(1) composite?
True
Suppose 2*q + 0 = 4. Suppose -12 - 7 = -a. Is (a - 0) + q + -2 prime?
True
Let p(y) = y**3 - 9*y**2 + 8*y + 1. Let u be p(8). Let o be (1 + u)/(1/1). Suppose 65 = o*a + 15. Is a a prime number?
False
Is 2/3*(-19650)/(-20) a composite number?
True
Suppose -2*z - 24 = -5*z. Suppose 5*r + 145 = -3*n, -25 = -z*n + 3*n. Let b = r - -79. Is b a composite number?
False
Let g = -611 - -1268. Is (-6)/21 + g/21 prime?
True
Suppose 5*y - 4*g - 10135 = 2*y, 0 = 5*y + 3*g - 16882. Is y composite?
True
Let p = 0 + 4. Suppose -p*y + 3*y + 4 = 0. Suppose 5*f - y*m - 361 = 0, 85 = f - 0*f - 4*m. Is f prime?
False
Suppose 0 = -2*c + 465 + 193. Is c a prime number?
False
Let k be 28/6*(-486)/(-63). Is 146/6 + 24/k composite?
True
Let l be (11 - -3)*(-1)/(-2). Let i = 26 - l. Is i prime?
True
Suppose 18*r - 13*r = 245. Is r prime?
False
Let b = 2779 - -1512. Is b prime?
False
Suppose 2065 = 3*c - 2*o, -3*c - o + 2*o + 2069 = 0. Is c a composite number?
False
Let n(k) = 19*k**2 - 4*k + 16. Is n(7) composite?
False
Suppose -z = 3*b + 74, -134 = z + z - b. Let m = 99 + z. Is m composite?
False
Is 213 - 1*(6 - 2) a composite number?
True
Let f(u) be the third derivative of u**6/120 - u**5/12 - u**4/6 - 7*u**3/6 + u**2. Let q be f(6). Let x(i) = 4*i**2 - 6*i + 7. Is x(q) composite?
True
Suppose -1595 = -5*b - 3*m - 2*m, 12 = 3*m. Suppose 0 = -3*y + 294 + b. Is y a composite number?
True
Let b(r) be the first derivative of 203*r**4/4 - r**2/2 + r - 2. Is b(1) composite?
True
Suppose -4*l + 4392 = 2*y, 3*y = 2*y + 4*l + 2214. Is y/10 + 8/10 a composite number?
True
Let g = -21 + 19. Is 376/(g + 3) + 3 a composite number?
False
Let x(g) = g**2 + 3*g - 14. Let v be x(-6). Suppose -5*p - 468 = -v*y - p, -3*y = 3*p - 327. Is y a prime number?
True
Is 3 + (49 - (2 + -3)) prime?
True
Suppose -3*v - 10 = -v. Is -34*v*2/4 a composite number?
True
Suppose n - 64 - 17 = -2*u, -245 = -3*n - 4*u. Is n composite?
False
Suppose 4*f - 6*f - 727 = -3*d, -f - 5 = 0. Is d composite?
False
Let q = -1 - -2. Is q + -3 - (0 + -9) a prime number?
True
Let f(o) = -o**3 + 0*o**3 + 422 - o**2 + 25*o - 26*o. Is f(0) prime?
False
Suppose 3*l = -3 + 6. Is 13 + 2/l*-1 a prime number?
True
Suppose 2*t + 18 = 4. Is (-52)/(-1) + 8 + t a prime number?
True
Let i(m) = -m**3 + m**2 - m + 5. Let v be i(0). Suppose -244 = -v*c - 59. Is c prime?
True
Let s = 4 - -1045. Is s a composite number?
False
Let k = 7 - 3. Suppose 0 = u - 6 + 4. Suppose m = -k*h + 81, 2*m + u*h = -h + 157. Is m composite?
True
Let v(z) = -2 - 6*z**3 - 17*z**3 + 4*z**3 - 3*z. Let x be v(-2). Suppose -5*y = 2*n - 181, 4*y + 0*y - 4*n = x. Is y a prime number?
True
Let h(s) = -54*s - 2. Let r be h(-6). Let m = r + -33. Is m composite?
True
Suppose 13*x + 782 = 15*x. Is x a prime number?
False
Suppose 1930 = 6*o - 80. Is o a composite number?
True
Let x be (-19)/(-7) - 10/(-35). Let k = 5 - x. Suppose -4*y - k*z = y - 93, 3*y = -3*z + 54. Is y prime?
True
Let k = 442 - 137. Is k composite?
True
Let b(o) = 2*o**3 - 2*o**2 - 1. Is b(5) composite?
False
Is 2 - (540/(-4) - -3) a composite number?
True
Let s = -411 - -774. Let c = -60 + s. Is c prime?
False
Suppose -5 = -3*c + 1. Let g(j) = -2*j**c - 2*j**2 + 2*j**2 - 35*j**3 - j. Is g(-1) a composite number?
True
Let r = 3171 + -2218. Is r composite?
False
Suppose -296 = 4*j - 0*j. Let c = -39 - j. Is c prime?
False
Suppose -2328 = -4*u - 2*d - 8, 1747 = 3*u - 2*d. Is u prime?
False
Suppose 5*l - 1 = -31. Let f(a) = -3*a**2 - 8*a - 3. Let j be f(l). Is (2 + j/2)*-2 a composite number?
False
Let o be (-8)/60*-843*5. Suppose 7*u - 2*u - o = -4*a, -3*u - 721 = -5*a. Is a composite?
True
Let s be -4 + 96 + -2 - -2. Let z = 162 + s. Is z a composite number?
True
Let w(q) = 3*q - 10. Let s be w(4). Suppose -325 = -3*a - s*a. Is a a composite number?
True
Let l be (-1 + -9)*39/(-65). Is ((-4)/(-6))/(l/2367) composite?
False
Let k be 2/(-2)*0/2. Suppose 5*d + 2*q - 3*q - 32 = 0, -d = -q - 8. Suppose 0 = -5*n - 2*r + 301, k*r - d = -2*r. Is n composite?
False
Let f(u) = -9*u - 4. Suppose 2 - 20 = 3*g. Let t(a) = -9*a - 4. Let j(y) = g*f(y) + 5*t(y). Is j(7) a composite number?
False
Is 108/(-8)*-12 + -3 prime?
False
Let c(q) = q**3 - 9*q**2 - 11*q + 14. Let t be c(10). Suppose -t*l = z - 6*z + 1535, 2*z - 614 = -l. Is z a composite number?
False
Let s(p) = p*